{"id":2881,"date":"2018-12-14T09:08:11","date_gmt":"2018-12-14T08:08:11","guid":{"rendered":"http:\/\/cracherdanslasoupe.noblogs.org\/?page_id=2881"},"modified":"2019-10-10T10:30:17","modified_gmt":"2019-10-10T08:30:17","slug":"brochures","status":"publish","type":"page","link":"https:\/\/cracherdanslasoupe.noblogs.org\/?page_id=2881","title":{"rendered":"BROCHURES &amp; LIENS"},"content":{"rendered":"<ul style=\"text-align: justify\">\n<li style=\"text-align: left\"><span style=\"color: #993366\"><strong>Contre la guerre contre la paix<\/strong><\/span> <a href=\"http:\/\/typemachine.wdfiles.com\/local--files\/catalogus\/contrelaguerre_lapaix.pdf\">http:\/\/typemachine.wdfiles.com\/local&#8211;files\/catalogus\/contrelaguerre_lapaix.pdf<\/a><\/li>\n<li><span style=\"color: #993366\"><strong>Mon nom est personne<\/strong><\/span> <a href=\"https:\/\/infokiosques.net\/spip.php?article1280\">https:\/\/infokiosques.net\/spip.php?article1280<\/a><\/li>\n<li style=\"text-align: left\"><strong><span style=\"color: #993366\">Pas d&rsquo;identification<\/span><\/strong> <a href=\"http:\/\/cettesemaine.info\/breves\/spip.php?article151&amp;lang=fr\">http:\/\/cettesemaine.info\/breves\/spip.php?article151&amp;lang=fr<\/a><\/li>\n<li style=\"text-align: left\"><strong><em><span style=\"color: #993366\">Le \u00ab\u00a0mouvement\u00a0\u00bb\u00a0est mort, Vive&#8230; la r\u00e9forme\u00a0!\u00a0\u00bb <\/span><\/em><\/strong><a href=\"https:\/\/iaata.info\/Le-mouvement-est-mort-vive-la-reforme-une-critique-de-la-composition-et-de-ses-2425.html\">https:\/\/iaata.info\/Le-mouvement-est-mort-vive-la-reforme-une-critique-de-la-composition-et-de-ses-2425.html<\/a><\/li>\n<li><strong><span style=\"color: #993366\"> Parlons de Signal<\/span><\/strong> <a href=\"https:\/\/iaata.info\/Parlons-de-Signal-3517.html\">https:\/\/iaata.info\/Parlons-de-Signal-3517.html<\/a><\/li>\n<li><strong><span style=\"color: #993366\">Zadissidences 1, 2 et 3<\/span><\/strong> <a href=\"https:\/\/nantes.indymedia.org\/articles\/42769\">https:\/\/nantes.indymedia.org\/articles\/42769<\/a><\/li>\n<li><strong><span style=\"color: #993366\">\u0152ill\u00e8res solidaires<\/span><\/strong> <a href=\"https:\/\/infokiosques.net\/spip.php?article1657\">https:\/\/infokiosques.net\/spip.php?article1657<\/a><\/li>\n<li style=\"text-align: left\"><span style=\"color: #993366\"><b>Ni cages, ni laisses \u00e9lectroniques&#8230; d\u00e9truisons la ville-surveillance!\u00a0 <\/b><a href=\"https:\/\/dupainsurlaplanche.noblogs.org\/post\/category\/general\/\">https:\/\/dupainsurlaplanche.noblogs.org\/post\/category\/general\/<\/a><\/span><\/li>\n<li style=\"text-align: left\"><span style=\"color: #993366\"><strong>Solidaires dans les luttes, solidaires face \u00e0 la r\u00e9pression, recueil de texte autour de l&rsquo;incendie de la voiture de police le 18 mai 2016 \u00e0 Paris\u00a0<\/strong><\/span> <a href=\"https:\/\/infokiosques.net\/IMG\/pdf\/recueil18mai-pageparpage.pdf\">https:\/\/infokiosques.net\/IMG\/pdf\/recueil18mai-pageparpage.pdf<\/a><\/li>\n<li style=\"text-align: left\"><span style=\"color: #993366\"><strong>Pour en finir avec le prisonnierisme<\/strong><\/span> <a href=\"http:\/\/acorpsperdu.wikidot.com\/en-finir-avec-le-prisonnierisme\">http:\/\/acorpsperdu.wikidot.com\/en-finir-avec-le-prisonnierisme<\/a><\/li>\n<li><span style=\"color: #993366\"><strong>De la politique \u00e0 la vi<\/strong><strong>e<\/strong><\/span> <a href=\"https:\/\/fr.theanarchistlibrary.org\/library\/wolfi-landstreicher-de-la-politique-a-la-vie\">https:\/\/fr.theanarchistlibrary.org\/library\/wolfi-landstreicher-de-la-politique-a-la-vie<\/a><\/li>\n<li style=\"text-align: left\"><span style=\"color: #993366\"><strong>Qui sont les avant-gardistes?<\/strong><\/span> <a href=\"http:\/\/www.non-fides.fr\/?Qui-sont-les-avant-gardistes\">http:\/\/www.non-fides.fr\/?Qui-sont-les-avant-gardistes<\/a><\/li>\n<li style=\"text-align: left\"><strong><span style=\"color: #993366\">\u00c9chapper \u00e0 l&rsquo;oubli &#8211; Giannis Dimitrakis \u00a0(premi\u00e8re tentative)<\/span><\/strong><span style=\"color: #993366\"><a href=\"http:\/\/typemachine.wdfiles.com\/local--files\/typemachine-uitgaves\/echapper%20a%20loubli.pdf\">http:\/\/typemachine.wdfiles.com\/local&#8211;files\/typemachine-uitgaves\/echapper%20a%20loubli.pdf<\/a><\/span><\/li>\n<li style=\"text-align: left\"><span style=\"color: #993366\"><strong>Dialogue imaginaire avec un\u00ade d\u00e9fenseur\u00adeuse de l&rsquo;image photographique\u00a0<\/strong><strong>d&rsquo;individus <\/strong><\/span><a href=\"https:\/\/infokiosques.net\/spip.php?article1419\">https:\/\/infokiosques.net\/spip.php?article1419<\/a><\/li>\n<li style=\"text-align: left\"><span style=\"color: #800080\"><strong><span style=\"color: #993366\">Contr&rsquo;Un &#8211; Consid\u00e9rations sur les assembl\u00e9es<\/span> <\/strong><\/span><a href=\"https:\/\/infokiosques.net\/lire.php?id_article=946\">https:\/\/infokiosques.net\/lire.php?id_article=946<\/a><\/li>\n<li style=\"text-align: left\"><span style=\"color: #993366\"><strong>Quelques textes autour de la folie<\/strong> <a href=\"https:\/\/cracherdanslasoupe.noblogs.org\/?cat=3\">https:\/\/cracherdanslasoupe.noblogs.org\/?cat=3<\/a><\/span><\/li>\n<li style=\"text-align: left\"><span style=\"color: #993366\"><strong>Dictionnaire Antipsychiatrique<\/strong> <a href=\"https:\/\/infokiosques.net\/spip.php?article157\">https:\/\/infokiosques.net\/spip.php?article157<\/a><\/span><\/li>\n<li style=\"text-align: left\"><strong><span style=\"color: #993366\">Mon anarchisme <\/span><\/strong><a href=\"https:\/\/diomedea.nblogs.org\/post\/2018\/03\/19\/mon-anarchisme\/\">https:\/\/diomedea.noblogs.org\/post\/2018\/03\/19\/mon-anarchisme\/<\/a><\/li>\n<li style=\"text-align: left\"><span style=\"color: #993366\"><strong>Il n&rsquo;y a pas de sujet r\u00e9volutionnaire <\/strong><a href=\"https:\/\/nantes.indymedia.org\/articles\/44920\">https:\/\/nantes.indymedia.org\/articles\/44920<\/a><\/span><\/li>\n<li style=\"text-align: left\"><span style=\"color: #993366\"><strong>Dangerous Spaces<\/strong> <\/span><a href=\"https:\/\/infokiosques.net\/lire.pghp?id_article=1431#lesanarcha\">https:\/\/infokiosques.net\/lire.php?id_article=1431#lesanarcha<\/a><\/li>\n<li style=\"text-align: left\"><span style=\"color: #993366\"><strong>Tourner autour<\/strong><\/span> <a href=\"https:\/\/tumult.noblogs.org\/post\/2013\/09\/09\/tourner-autou\">https:\/\/tumult.noblogs.org\/post\/2013\/09\/09\/tourner-autou<\/a>r<\/li>\n<li style=\"text-align: left\"><strong><span style=\"color: #993366\">Dix coups de poignard \u00e0 la politique<\/span><\/strong> <a href=\"http:\/\/typemachine.wdfiles.com\/local--files\/typemachine-uitgaves\/poignard.pdf\">http:\/\/typemachine.wdfiles.com\/local&#8211;files\/typemachine-uitgaves\/poignard.pdf<\/a><\/li>\n<li style=\"text-align: left\"><span style=\"color: #993366\"><strong>Des cinq de haymarket \u00e0 Sacco et Vanzetti : tous innocents, tous martyrs?<\/strong> <\/span><a href=\"https:\/\/\/ravageeditions.noblogs.org\/post\/2015\/04\/24\/des-cinq-de-haymarket-a-sacco-et-vanzetti-tous-innocents-tous-martyrs\/\">ravageeditions.noblogs.org\/post\/2015\/04\/24\/des-cinq-de-haymarket-a-sacco-et-vanzetti-tous-innocents-tous-martyrs\/<\/a><\/li>\n<li style=\"text-align: left\"><strong><span style=\"color: #993366\">L&rsquo;Etat, son r\u00f4le historique<\/span><\/strong> <a href=\"http:\/\/www.non-fides.fr\/?L-Etat-son-role-historique\">http:\/\/www.non-fides.fr\/?L-Etat-son-role-historique<\/a><\/li>\n<li style=\"text-align: left\"><strong><span style=\"color: #993366\">Pour en finir avec l&rsquo;\u00e9nergie<\/span><\/strong> <a href=\"http:\/\/www.non-fides.fr\/?Pour-en-finir-avec-l-energie\">http:\/\/www.non-fides.fr\/?Pour-en-finir-avec-l-energie<\/a><\/li>\n<li style=\"text-align: left\"><span style=\"color: #993366\"><strong>Saboter l&rsquo;\u00e9nergie La lutte contre la construction du gazoduc TAP dans la Salento [Recueil de textes italiens ao\u00fbt 2013\/f\u00e9vrier 2018] <\/strong><\/span>\u00a0<a href=\"https:\/\/sansattendre.noblogs.org\/files\/2018\/03\/TAPbrochCorrect.pdf\">https:\/\/sansattendre.noblogs.org\/files\/2018\/03\/TAPbrochCorrect.pdf<\/a><\/li>\n<li style=\"text-align: left\"><span style=\"color: #993366\"><strong>Silence radio Recueil de textes \u00e0 propos de sabotage, de r\u00e9pression et de signaux de fum\u00e9e depuis la clandestinit\u00e9, Zurich, 2016<\/strong> <\/span><a href=\"https:\/\/sansattendre.noblogs.org\/files\/2017\/06\/suissebro.pdf\">https:\/\/sansattendre.noblogs.org\/files\/2017\/06\/suissebro.pdf<\/a><\/li>\n<li style=\"text-align: left\"><strong><span style=\"color: #993366\">M\u00e9tamorphoses Sur la transformation urbaine et la mort sociale<\/span>\u00a0<\/strong><a href=\"https:\/\/sansattendre.noblogs.org\/files\/2018\/10\/M%C3%A9tamorphosesNaples.pdf\">https:\/\/sansattendre.noblogs.org\/files\/2018\/10\/M%C3%A9tamorphosesNaples.pdf<\/a><\/li>\n<li style=\"text-align: left\"><strong><span style=\"color: #993366\">Fredy Perlman. L&rsquo;appel constant du nationalisme<\/span> <\/strong><a href=\"https:\/\/infokiosques.net\/spip.php?article1487\">https:\/\/infokiosques.net\/spip.php?article1487<\/a><\/li>\n<li style=\"text-align: left\"><span style=\"color: #993366\"><strong>A chacun le sien &#8211;\u00a0Recension de vautours qui se font du fric avec la machine \u00e0 expulser<\/strong><\/span> <a href=\"https:\/\/infokiosques.net\/lire.php?id_article=763\">https:\/\/infokiosques.net\/lire.php?id_article=763<\/a><\/li>\n<li style=\"text-align: left\"><strong><span style=\"color: #993366\">Du sang, de la chique et du mollard !<\/span> <\/strong><a href=\"https:\/\/infokiosques.net\/spip.php?article720\">https:\/\/infokiosques.net\/spip.php?article720<\/a><\/li>\n<li style=\"text-align: left\"><strong style=\"font-size: 1rem\"><span style=\"color: #993366\">L\u00e9gendes &amp; chansons de gestes Kanak <\/span><\/strong><span style=\"color: #993366\"><a href=\"https:\/\/chimereseditions.noblogs.org\/files\/2019\/01\/Louise_Michel_L%C3%A9gendes_et_chansons_de_gestes_kanak_-_web.pdf\">https:\/\/chimereseditions.noblogs.org\/files\/2019\/01\/Louise_Michel_L%C3%A9gendes_et_chansons_de_gestes_kanak_-_web.pdf<\/a><\/span><\/li>\n<li><span style=\"color: #993366\"><strong>Aux errants<\/strong>\u00a0<\/span> <a href=\"https:\/\/infokiosques.net\/spip.php?article757\">https:\/\/infokiosques.net\/spip.php?article757<\/a><\/li>\n<li><strong><span style=\"color: #993366\">Contre l&rsquo;unit\u00e9<\/span><\/strong> <a href=\"https:\/\/infokiosques.net\/lire.php?id_article=774\">https:\/\/infokiosques.net\/lire.php?id_article=774<\/a><\/li>\n<li style=\"text-align: left\"><strong><span style=\"color: #993366\">De passage<\/span><\/strong>\u00a0<a href=\"https:\/\/depassage.noblogs.org\/files\/2019\/01\/De-Passage-web.pdf\">https:\/\/depassage.noblogs.org\/<\/a><\/li>\n<li style=\"text-align: left\"><span style=\"color: #993366\"><b>Les \u00e9pineuses<\/b><\/span>\u00a0<span style=\"color: #993366\"><b>\u00a0<\/b><a href=\"https:\/\/lesepineuses.noblogs.org\/\">https:\/\/lesepineuses.noblogs.org\/\u00a0<\/a><\/span>Ce qui cr\u00e9pite \u2013 Dialogue \u00e0 ciel ouvert sur la r\u00e9volte et ses souffes\/Si l\u2019on ne na\u00eet pas femme \u2013 Quels sont les r\u00f4les de la m\u00e9decine dans la fabrique d\u2019individu.es de genre f\u00e9minin ?\/Quelle solidarit\u00e9?<\/li>\n<li style=\"text-align: left\"><span style=\"color: #993366\"><strong>Oui, mais au fond, qu&rsquo;est ce que vous voulez ?<\/strong> <\/span><a href=\"https:\/\/cettesemaine.info\/maisaufond.PDF\">https:\/\/cettesemaine.info\/maisaufond.PDF<\/a><\/li>\n<li style=\"text-align: left\"><span style=\"color: #993366\"><strong>N\u00e9grisme et tute bianche : la contre-r\u00e9volution de gauche<\/strong> <\/span><a href=\"https:\/\/cettesemaine.info\/bronegri.pdf\">https:\/\/cettesemaine.info\/bronegri.pdf<\/a><\/li>\n<li style=\"text-align: left\"><span style=\"font-size: 1rem\"><span style=\"color: #993366\"><strong>Document interne des renseignements fran\u00e7ais : Aide technique \u00e0 la surveillance et filature \u2013 le balisage<\/strong> <\/span><a href=\"https:\/\/desoreillesetdesyeux.noblogs.org\/files\/2019\/03\/Aide-technique-%C3%A0-la-surveillance-et-filature-Le-balisage.pdf\">https:\/\/desoreillesetdesyeux.noblogs.org\/files\/2019\/03\/Aide-technique-%C3%A0-la-surveillance-et-filature-Le-balisage.pdf<\/a><\/span><\/li>\n<li style=\"text-align: left\"><span style=\"color: #993366\"><strong>Chasse, p\u00eache, nature et r\u00e9introduction<\/strong> <strong>Une critique de la gestion de la faune<\/strong><\/span> [Extrait de la revue Nunatak <a href=\"https:\/\/revuenunatak.noblogs.org\/\">revuenunatak.noblogs.org<\/a>\u00a0 dispo ici <a href=\"http:\/\/non-fides.com\/?Chasse-peche-nature-et-reintroduction\">http:\/\/non-fides.com\/?Chasse-peche-nature-et-reintroduction<\/a><\/li>\n<li style=\"text-align: left\"><span style=\"color: #993366\"><strong>S\u2019opposer \u00e0 la r\u00e9pression : R\u00e9flexe conditionn\u00e9 ou mouvement volontaire ? <\/strong><a href=\"http:\/\/www.non-fides.fr\/?S-opposer-a-la-repression-Reflexe\">http:\/\/www.non-fides.fr\/?S-opposer-a-la-repression-Reflexe<\/a><\/span><\/li>\n<li style=\"text-align: left\"><strong><span style=\"color: #993366\">Contre la guerre contre la paix-\u00c9l\u00e9ments de lutte insurrectionnelle<\/span><\/strong><br \/>\n<strong><span style=\"color: #993366\">contre la militarisme et la r\u00e9pression<\/span><\/strong> <a href=\"http:\/\/typemachine.wdfiles.com\/local--files\/catalogus\/contrelaguerre_lapaix.pdf\">http:\/\/typemachine.wdfiles.com\/local&#8211;files\/catalogus\/contrelaguerre_lapaix.pdf<\/a><\/li>\n<\/ul>\n<hr \/>\n<ul style=\"text-align: justify\">\n<li style=\"text-align: left\"><span style=\"color: #800080\"><strong>ANARCHRONIQUE EDITIONS <\/strong><\/span><a style=\"font-size: 1rem\" href=\"https:\/\/anarchroniqueeditions.noblogs.org\">\u00a0https:\/\/anarchroniqueeditions.noblogs.org<\/a><\/li>\n<\/ul>\n<hr \/>\n<ul>\n<li><span style=\"color: #800080\"><strong>TOUTESGRIFFESDEHORS <\/strong><\/span>p&rsquo;tits fils d&rsquo;agitation anarcha-f\u00e9ministe\u00a0<a href=\"https:\/\/toutesgriffesdehors.noblogs.org\">https:\/\/toutesgriffesdehors.noblogs.org<\/a><\/li>\n<\/ul>\n<hr \/>\n<p><strong><span style=\"color: #000080\">Quelques r\u00e9flexions sur le \u00ab\u00a0mouvement\u00a0\u00bb des Gilets Jaunes :<\/span><\/strong><\/p>\n<ul>\n<li><strong>Cr\u00e8ve la France, vive la r\u00e9volution !<\/strong> <a href=\"https:\/\/nantes.indymedia.org\/zines\/45289\">https:\/\/nantes.indymedia.org\/zines\/45289<\/a><\/li>\n<li><strong>Rien est \u00e0 nous&#8230;<\/strong> <a href=\"http:\/\/non-fides.fr\/?Rien-n-est-a-nous\">http:\/\/non-fides.fr\/?Rien-n-est-a-nous<\/a><\/li>\n<li><strong>Nique l&rsquo;\u00c9tat<\/strong> <a style=\"font-size: 1rem\" href=\"http:\/\/dialectical-delinquents.com\/wp-content\/uploads\/2019\/02\/Nique-l%C3%89tat.pdf\">http:\/\/dialectical-delinquents.com\/wp-content\/uploads\/2019\/02\/Nique-l%C3%89tat.pdf<\/a><\/li>\n<li><strong>Saisir l&rsquo;occasion<\/strong>\u00a0 <a href=\"https:\/\/avisdetempetes.noblogs.org\/files\/2018\/12\/Avisdetempetes12.pdf\">https:\/\/avisdetempetes.noblogs.org\/files\/2018\/12\/Avisdetempetes12.pdf<\/a><br \/>\n<hr \/>\n<\/li>\n<\/ul>\n<p>&nbsp;<\/p>\n<ul>\n<li><strong><span style=\"color: #800080\">Guide \u00e0 l&rsquo;usage des proches des personnes incarc\u00e9r\u00e9s\u00a0<\/span> <\/strong><a href=\"https:\/\/permisdevisite.noblogs.org\">https:\/\/permisdevisite.noblogs.org<\/a><\/li>\n<\/ul>\n<p>&nbsp;<\/p>\n<p>&nbsp;<\/p>\n<p>&nbsp;<\/p>\n","protected":false},"excerpt":{"rendered":"<p>Contre la guerre contre la paix http:\/\/typemachine.wdfiles.com\/local&#8211;files\/catalogus\/contrelaguerre_lapaix.pdf Mon nom est personne https:\/\/infokiosques.net\/spip.php?article1280 Pas d&rsquo;identification http:\/\/cettesemaine.info\/breves\/spip.php?article151&amp;lang=fr Le \u00ab\u00a0mouvement\u00a0\u00bb\u00a0est mort, Vive&#8230; la r\u00e9forme\u00a0!\u00a0\u00bb https:\/\/iaata.info\/Le-mouvement-est-mort-vive-la-reforme-une-critique-de-la-composition-et-de-ses-2425.html Parlons de Signal https:\/\/iaata.info\/Parlons-de-Signal-3517.html Zadissidences 1, 2 et 3 https:\/\/nantes.indymedia.org\/articles\/42769 \u0152ill\u00e8res solidaires https:\/\/infokiosques.net\/spip.php?article1657 Ni cages, ni laisses \u00e9lectroniques&#8230; d\u00e9truisons la ville-surveillance!\u00a0 https:\/\/dupainsurlaplanche.noblogs.org\/post\/category\/general\/ Solidaires dans les luttes, solidaires face \u00e0 la r\u00e9pression, recueil de &hellip; <\/p>\n<p class=\"link-more\"><a href=\"https:\/\/cracherdanslasoupe.noblogs.org\/?page_id=2881\" class=\"more-link\">Continuer la lecture<span class=\"screen-reader-text\"> de &laquo;&nbsp;BROCHURES &amp; LIENS&nbsp;&raquo;<\/span><\/a><\/p>\n","protected":false},"author":13009,"featured_media":0,"parent":0,"menu_order":0,"comment_status":"closed","ping_status":"closed","template":"","meta":{"footnotes":""},"class_list":["post-2881","page","type-page","status-publish","hentry"],"_links":{"self":[{"href":"https:\/\/cracherdanslasoupe.noblogs.org\/index.php?rest_route=\/wp\/v2\/pages\/2881","targetHints":{"allow":["GET"]}}],"collection":[{"href":"https:\/\/cracherdanslasoupe.noblogs.org\/index.php?rest_route=\/wp\/v2\/pages"}],"about":[{"href":"https:\/\/cracherdanslasoupe.noblogs.org\/index.php?rest_route=\/wp\/v2\/types\/page"}],"author":[{"embeddable":true,"href":"https:\/\/cracherdanslasoupe.noblogs.org\/index.php?rest_route=\/wp\/v2\/users\/13009"}],"replies":[{"embeddable":true,"href":"https:\/\/cracherdanslasoupe.noblogs.org\/index.php?rest_route=%2Fwp%2Fv2%2Fcomments&post=2881"}],"version-history":[{"count":95,"href":"https:\/\/cracherdanslasoupe.noblogs.org\/index.php?rest_route=\/wp\/v2\/pages\/2881\/revisions"}],"predecessor-version":[{"id":11126,"href":"https:\/\/cracherdanslasoupe.noblogs.org\/index.php?rest_route=\/wp\/v2\/pages\/2881\/revisions\/11126"}],"wp:attachment":[{"href":"https:\/\/cracherdanslasoupe.noblogs.org\/index.php?rest_route=%2Fwp%2Fv2%2Fmedia&parent=2881"}],"curies":[{"name":"wp","href":"https:\/\/api.w.org\/{rel}","templated":true}]}}